e greatest common divisor of 445952 and 573989?
871
Calculate the greatest common factor of 26 and 2544783488.
26
Calculate the highest common factor of 7854 and 643412.
154
Calculate the highest common divisor of 182897316 and 36.
36
Calculate the greatest common divisor of 50071539 and 1413.
471
What is the highest common factor of 766 and 118768683?
383
Calculate the greatest common divisor of 282112 and 2755.
551
Calculate the highest common factor of 2057363 and 308.
77
Calculate the highest common divisor of 323 and 616160291.
323
Calculate the greatest common factor of 779633 and 946.
43
Calculate the highest common factor of 173841156 and 18612.
1692
What is the greatest common divisor of 1541 and 3187927?
67
Calculate the greatest common divisor of 5809 and 3760307.
157
What is the greatest common divisor of 13536 and 11604?
12
What is the greatest common divisor of 5331288 and 192?
24
What is the highest common divisor of 2312 and 1882360?
8
Calculate the highest common divisor of 6816 and 1668642.
426
Calculate the greatest common factor of 1409143 and 412.
103
What is the highest common divisor of 844683 and 24157?
203
Calculate the highest common divisor of 770 and 269368.
22
Calculate the greatest common divisor of 37 and 194550033.
37
What is the greatest common factor of 1254354 and 4206?
6
What is the greatest common divisor of 1474 and 90574?
22
What is the greatest common divisor of 27 and 195184638?
9
Calculate the greatest common factor of 45862 and 21206.
46
Calculate the highest common factor of 783 and 1099680.
87
Calculate the highest common divisor of 887796 and 595140.
1092
Calculate the greatest common divisor of 1125621 and 2142.
1071
What is the greatest common divisor of 373730 and 9730?
70
What is the highest common divisor of 46 and 525962?
2
What is the greatest common divisor of 652016133 and 2826?
1413
What is the greatest common divisor of 11696286 and 171?
57
Calculate the highest common divisor of 7692 and 319884.
12
Calculate the greatest common divisor of 597 and 237617542.
199
Calculate the highest common divisor of 389555859 and 11.
11
What is the highest common factor of 18907 and 285677?
259
What is the greatest common divisor of 345058 and 40558?
14
What is the greatest common divisor of 187165 and 3003770?
4565
Calculate the highest common factor of 2883392 and 96256.
64
Calculate the greatest common divisor of 1 and 8631713.
1
What is the highest common divisor of 850 and 99066650?
850
What is the highest common divisor of 1113 and 38859653?
371
What is the greatest common divisor of 6 and 41830362?
6
Calculate the highest common divisor of 3757 and 13400777.
221
What is the highest common divisor of 8 and 85349468?
4
Calculate the highest common divisor of 156801480 and 2310.
330
What is the highest common factor of 3822 and 33501741?
1911
What is the greatest common factor of 431500 and 525775?
25
Calculate the highest common factor of 300010 and 3572.
38
What is the highest common divisor of 6330 and 216251790?
6330
What is the highest common divisor of 9802250 and 250?
250
Calculate the greatest common factor of 79752866 and 478.
478
Calculate the greatest common divisor of 2529508 and 318554.
3154
Calculate the greatest common divisor of 109463640 and 55.
55
Calculate the highest common divisor of 41876125 and 1125.
125
Calculate the highest common divisor of 83848 and 3816.
8
What is the greatest common divisor of 3552 and 72566398?
74
What is the greatest common factor of 79544 and 2356328?
1304
Calculate the greatest common divisor of 43018 and 13700.
274
Calculate the greatest common factor of 1388 and 6876.
4
Calculate the greatest common divisor of 261640 and 341.
31
What is the greatest common factor of 688725 and 2775?
75
Calculate the highest common factor of 1918947 and 3216.
201
What is the greatest common divisor of 42 and 4862298?
42
What is the highest common divisor of 210904 and 984?
328
Calculate the greatest common divisor of 96 and 109014.
6
Calculate the greatest common factor of 786 and 63390.
6
What is the greatest common factor of 35910 and 38826?
54
What is the highest common divisor of 16393903 and 33060?
551
What is the highest common factor of 173397 and 145383?
483
What is the highest common factor of 656 and 2572496?
16
What is the highest common factor of 140189 and 586505?
2861
What is the highest common divisor of 3712 and 21567996?
116
Calculate the highest common divisor of 112 and 48808624.
16
Calculate the greatest common divisor of 277039532 and 29792.
3724
Calculate the highest common factor of 20150 and 1605825.
325
Calculate the highest common factor of 2055 and 18937236.
411
What is the highest common divisor of 44 and 726811668?
44
Calculate the greatest common factor of 86952 and 168.
24
What is the greatest common divisor of 7606284 and 79212?
1932
What is the greatest common factor of 3380896 and 512?
32
Calculate the highest common divisor of 321 and 8844585.
3
Calculate the highest common factor of 70296 and 73167.
87
What is the greatest common divisor of 2109651642 and 5103?
5103
Calculate the greatest common factor of 6403056 and 61171.
737
What is the greatest common factor of 1275 and 41298525?
1275
What is the greatest common factor of 4586032 and 66?
22
What is the highest common divisor of 142087 and 253664046?
12917
What is the highest common divisor of 2422 and 229302850?
2422
Calculate the highest common factor of 347175 and 5625.
225
Calculate the highest common divisor of 5301 and 45966149.
589
What is the greatest common factor of 224632 and 877632?
5224
Calculate the greatest common factor of 1321354284 and 1304.
652
Calculate the greatest common divisor of 823 and 6158555911.
823
What is the greatest common factor of 29816 and 11144?
8
What is the highest common divisor of 75548 and 1789964?
748
What is the greatest common factor of 8718468 and 528?
132
Calculate the greatest common factor of 186 and 1937252.
62
What is the highest common factor of 13584 and 78023949?
849
Calculate the highest common divisor of 2504 and 451060231.
313
Calculate the greatest common divisor of 533000 and 9665750.
10250
Calculate the highest common divisor of 50786242 and 663.
221
Calculate the greatest common divisor of 101 and 8066567.
101
What is the greatest common divisor of 4192 and 14786232?
1048
What is the highest common divisor of 32319 and 6377?
7
Calculate the greatest common divisor of 1372975 and 175.
25
What is the highest common factor of 47158135 and 35?
5
Calculate the highest common divisor of 10364199 and 279.
93
Calculate the greatest common divisor of 461117 and 3.
1
What is the greatest common factor of 3635701 and 1073?
29
Calculate the greatest common factor of 1065808 and 3828.
116
Calculate the highest common divisor of 32944 and 9068688.
1136
What is the highest common divisor of 136687 and 38628262?
2579
Calculate the highest common divisor of 184813670 and 1810.
1810
What is the highest common factor of 2710952 and 73616?
856
What is the highest common divisor of 66190923 and 747?
747
Calculate the highest common divisor of 7134 and 27904641.
3567
What is the highest common factor of 116 and 9756354?
58
Calculate the highest common divisor of 35720 and 18820.
20
Calculate the highest common factor of 158211 and 15417.
9
What is the highest common factor of 92 and 110482110?
46
What is the greatest common divisor of 9176 and 33884674?
2294
What is the greatest common divisor of 5713984 and 81661?
127
Calculate the highest common divisor of 188928 and 81351216.
5904
Calculate the greatest common divisor of 1392317 and 221.
17
Calculate the greatest common divisor of 1836 and 408327012.
612
Calculate the greatest common divisor of 4318 and 112642.
34
Calculate the highest common factor of 41456389 and 2119.
13
Calculate the greatest common factor of 32574 and 1614.
6
Calculate the greatest common divisor of 11280 and 1624620.
60
What is the greatest common divisor of 900 and 136510?
10
Calculate the greatest common divisor of 227900 and 25700.
100
What is the highest common factor of 572 and 980177?
11
What is the highest common divisor of 87348 and 19314?
174
What is the highest common factor of 205 and 46835571?
41
